 + r = -9 + 22. What is the greatest common factor of j and b?
11
Suppose -x = -5*h - 355, 4*x + 2*h - 1397 = -h. What is the greatest common factor of 28 and x?
14
Let o = -22 + 142. Let d = -86 + o. What is the greatest common factor of d and 272?
34
Suppose -3*c = -81 - 9. Let o(r) be the second derivative of -3*r**3/2 - 3*r**2/2 - 2*r. Let d be o(-7). What is the greatest common factor of d and c?
30
Suppose -4 = 4*p, -d = -0*d - 3*p - 5. Let s(h) = -h**3 - 2*h**2 + 15*h + 3. Let g be s(-5). What is the greatest common divisor of g and d?
1
Let g(i) = -2*i**3 - i**2 + 1. Suppose p = 4*p + 3. Let f be g(p). Suppose 0 = f*q + q - 33. What is the greatest common factor of 99 and q?
11
Let t = 360 - 316. What is the greatest common divisor of 33 and t?
11
Suppose 3*p + 119 = 4*w, w + 3*p - 2*p - 21 = 0. What is the highest common divisor of 962 and w?
26
Suppose 2*a - 104 - 116 = 0. Let u = a - -133. Calculate the highest common factor of u and 9.
9
Let w(f) = 10*f - 4. Let i be w(13). Suppose -8*t = -20 + 4. Suppose t*n - 42 = -6. Calculate the highest common divisor of i and n.
18
Let o(g) = -g**3 + 7*g**2 + 2*g - 4. Let a be o(7). Let b(z) = z**3 - 10*z**2 + 3*z - 4. Let j be b(a). What is the greatest common factor of j and 39?
13
Let b(s) = -38*s + 64. Let o be b(1). What is the highest common divisor of o and 4?
2
Let h(i) = i**3 - 4*i**2 - 5*i + 3. Let x be h(5). Suppose 5*q - 7 = x. Let m = 2 - 0. Calculate the greatest common divisor of q and m.
2
Suppose 45 = -8*k + 5*k. Let v be k/(-2)*340/25. Let t be 608/34 + 12/v. What is the greatest common factor of 18 and t?
18
Let a be (84/(-6))/(4 + (-66)/15). Calculate the highest common divisor of 56 and a.
7
Let j(g) = 2*g + 24. Let k be j(-12). Suppose -70 + 15 = -c + 4*v, k = v. What is the highest common factor of 11 and c?
11
Suppose 0 = 3*f - f. Suppose 0*x + 3*x - 132 = f. Suppose 5 = 5*p + 4*i - x, 3*p = 2*i + 47. Calculate the greatest common factor of 26 and p.
13
Let k(g) = g**2 + 8*g - 1. Let r be k(4). Let u = -91 + r. Let v be (21/(-6))/(2/u). Calculate the highest common divisor of 7 and v.
7
Let w be (-14)/63 + 3 + (-1300)/(-18). What is the greatest common factor of 25 and w?
25
Let g be 10/(-35) - 2236/(-182). What is the highest common divisor of g and 12?
12
Let c be ((-144)/(-15))/((-14)/(8680/(-6))). Calculate the greatest common divisor of c and 64.
32
Let f(x) = -23*x - 25. Let a be f(-8). Let b = a - 49. What is the highest common factor of 44 and b?
22
Let j(q) = q**3 - 2*q**2 - 12*q + 10. Let l be j(4). Let g be (-218)/l - (-3 + (-20)/(-6)). What is the greatest common divisor of 27 and g?
9
Suppose 4261 = 71*p + 853. Calculate the greatest common factor of 60 and p.
12
Suppose j - x + 326 = 4*j, -5*j + 3*x + 534 = 0. What is the highest common factor of 12 and j?
12
Let f(h) = 7*h - 1. Let v = -32 + 52. Suppose -5*k + 5*g = -v, 0*g - 5*g = 4*k + 2. Let w be f(k). What is the greatest common factor of 13 and w?
13
Suppose -3*d = 3*g - 8 - 157, 3*d + 4*g - 164 = 0. What is the highest common factor of 182 and d?
14
Suppose 11*m = 22*m - 110. Let z be 2/(-8) + 605/20. Calculate the greatest common factor of z and m.
10
Let s(y) = -2*y - y - 13 - 11. Let q be s(-24). What is the highest common divisor of 12 and q?
12
Let u = -14 - -18. Let y be (0 + 26/u)*(-14 + 20). What is the greatest common divisor of y and 26?
13
Let c be ((-96)/(-10))/((-38)/(-475)). Let g = 123 - c. What is the highest common divisor of 24 and g?
3
Let r(i) = 113*i + 4. Let s be r(-3). Let p = -229 - s. Let m = p - 74. What is the greatest common factor of 4 and m?
4
Let z be (2/(-6)*0)/(12/(-4)). Suppose -5*a + 22 = w - z, 4*a = 8. Calculate the greatest common factor of 48 and w.
12
Let q(j) = -j**3 - 4*j**2 + 6*j + 9. Let a be q(-5). Let z be -15*(a/18)/((-12)/18). Calculate the greatest common factor of z and 25.
5
Let c(g) = g**3 + 10*g + 18. Let p be c(6). What is the greatest common factor of p and 6?
6
Suppose -216 = -21*b + 17*b. What is the greatest common factor of b and 30?
6
Let a be (18 - (-8 - -2)) + (-12)/2. Calculate the greatest common divisor of 18 and a.
18
Let n be 4/(-10) - 222/(-5). Suppose -2*j + 8 = 2*j. Suppose b + j*w - 20 = 0, 3*b - 4*w - 64 = 6. What is the greatest common divisor of n and b?
22
Suppose -2*v - 3*m = -25 - 25, 0 = 5*v - 3*m - 104. Suppose 0 = 6*o - v - 116. What is the highest common divisor of 115 and o?
23
Let a = 1346 + -1073. What is the highest common factor of a and 21?
21
Suppose -6*m + 381 = 45. What is the highest common divisor of 42 and m?
14
Let u be 14/35 - 18/(-5). Suppose u*i - 31 = 4*a + 85, -a = 3*i - 103. Suppose 12*m = 67 + 65. Calculate the greatest common factor of i and m.
11
Let l be 196/10 - (-2)/5. Let u be (-1428)/(-182) + 2/13. Calculate the highest common factor of l and u.
4
Let q(w) be the third derivative of -7*w**2 + 0*w + 1/5*w**5 - 1/6*w**3 + 0 - 1/24*w**4. Let p be q(2). Calculate the highest common divisor of 15 and p.
15
Let i(d) = 3*d**2 + 87*d + 124. Let y be i(-28). Calculate the highest common divisor of y and 8.
8
Let g(z) = z**3 - 10*z**2 - 11*z + 9. Let y be g(11). Suppose 0*l - 2*x = 3*l - 23, l + y = -4*x. Calculate the highest common divisor of l and 121.
11
Let t(z) = -94*z - 3. Let v be t(-1). Let j(i) = -25*i**3 + i**2 + 2*i + 2. Let m be j(-1). Calculate the highest common factor of m and v.
13
Let p = 277 + -189. Calculate the highest common divisor of 110 and p.
22
Suppose 2*x - 4*x - 8 = 0. Let z be (-10)/1 + x/(-2). Let m(s) = s**3 + 8*s**2 - 3*s - 8. Let u be m(z). What is the greatest common divisor of 48 and u?
16
Suppose 4*h + 2 = 34. Suppose 2*f - f + 3 = 0. Let r be (-16)/f*(-3)/(-2). What is the highest common factor of h and r?
8
Let y be 42*(-2)/28*-4. Let m be (-9)/60*-4 + 57/5. What is the greatest common divisor of m and y?
12
Let f(q) = -4*q**3 - 2. Let y be (-34)/(-4) + 4/(-8). Suppose 0*c + 4*c + y = 0. Let w be f(c). Calculate the highest common divisor of 240 and w.
30
Suppose -4 = -4*l, j - 2*j + 19 = 4*l. Suppose -j = -3*m, -2*m = 6*d - d - 115. Calculate the greatest common factor of d and 63.
21
Suppose 7*s - 1146 - 44 = 0. Let t be (-69)/(-2) - (-2)/(-4). Calculate the greatest common factor of s and t.
34
Let u(q) = -48*q**3 + 1. Let x be u(-1). Let z = -12 + 15. Suppose -2*h + 36 = z*h - k, 5*h = -k + 34. What is the highest common divisor of x and h?
7
Suppose 72*m = -26*m - 36*m + 2814. Let l be 1/(-3) - 128/(-6). What is the greatest common factor of l and m?
21
Let u = -11 - -15. Let p be 638/8 + 1/u. Suppose 3*g + a - 51 = 0, g + a - 3 = 16. What is the highest common factor of p and g?
16
Suppose o = -0*o + 5, -4*k + 46 = 2*o. Let i(c) = 6*c - 81. Let j be i(15). What is the greatest common factor of j and k?
9
Let k be 8/2*(-20)/(-16). Suppose k*w = -4*p + 94, -2*p + 4*w = 3*w - 40. Let x be (2 - 4)*1 + 16. What is the highest common divisor of x and p?
7
Suppose -n = -5 - 0. Suppose n = 4*s - 59. Let o(b) = 4*b + 24. Let g be o(-2). What is the greatest common divisor of s and g?
16
Suppose 2*q + 87 = 255. Suppose -5*o + 54 + q = 2*h, 5*h - o = 318. Suppose p - h = -3*p. Calculate the greatest common factor of p and 128.
16
Let o = 8 + -3. Suppose -o*j + j = -20. Suppose 0 = 5*h + 3*n + 94 - 303, 191 = j*h - 3*n. Calculate the greatest common factor of 8 and h.
8
Let c = 1458 - 101. What is the highest common divisor of c and 23?
23
Suppose -3*g + 0*g = -3. Let t be (-6 - -3)/(g/(-7)). Let m = 23 - 20. What is the greatest common divisor of m and t?
3
Suppose 0 = -4*k - 5*v - 6, -6 - 7 = -3*k + 5*v. Let q = 20 + k. Calculate the highest common divisor of q and 3.
3
Let v be (-2)/3*(141 + 0). Let j = 63 + v. Let o = j + 45. What is the highest common factor of 154 and o?
14
Let g(x) = x**3 - 20*x**2 + 20*x - 18. Let i be g(19). Calculate the greatest common factor of i and 29.
1
Let a = 33 + 35. What is the highest common divisor of 4 and a?
4
Let v be 3/((-18)/(-8)) + 210394/177. Calculate the greatest common factor of 14 and v.
14
Suppose -4 + 0 = -4*w. Let n(y) = y**3 + 2*y**2 - 3*y + 1. Let s be 0 + -4 + (3 - 4)/(-1). Let a be n(s). What is the greatest common divisor of w and a?
1
Let y(u) = -u**3 - 3*u**2 + 3*u. Let l be y(-4). Let t(n) = -28*n - 136. L